6 = -9*g. List the prime factors of g.
2, 173
Suppose 3*s + 152 = -w + 1682, -w - 3 = 0. List the prime factors of s.
7, 73
Let u = 184 - 3. List the prime factors of u.
181
Let f = 38 - 38. What are the prime factors of f + 101 - 0 - (3 - 6)?
2, 13
Suppose -r - 682 = -3*r + 3*a, 5*a - 1364 = -4*r. What are the prime factors of r?
11, 31
Suppose p - 27 = 3*b, -3 = -5*p + 4*p. Let v = 23 - 10. Let s = b + v. List the prime factors of s.
5
Let u(y) = y**2 - 6*y - 2. Let z be u(6). Let q be -2*(1 + 6)*z. What are the prime factors of 1/((12/q)/3)?
7
Suppose 597 = 16*a - 7355. What are the prime factors of a?
7, 71
Let f = 16 - 12. Let b be (-3)/9*(-203 - f). Suppose -22 = -2*r + 2*c, 0 = 4*r + c + 10 - b. What are the prime factors of r?
2, 7
Let o be (-15)/5 - (-6)/1. Let t(p) = o*p + p**3 + 0*p**3 - 2*p**3 - 3*p**2. What are the prime factors of t(-5)?
5, 7
Suppose -4 = -j + 8. Let n be 227*1 - (-10 + j). Suppose 3*u - n = -2*u. What are the prime factors of u?
3, 5
Let c(n) = 4*n**2 + 5*n - 9. Suppose 4*z + 33 = 3*f, -f = z - 2*f + 9. What are the prime factors of c(z)?
3, 5, 7
Let v be (-104)/65*(-1 - -6). Let m = 10 + v. Suppose m*z = 4, 5*z + 0*z + 64 = 2*p. List the prime factors of p.
37
Let g be 3/(-2)*12/(-54)*-15. Let k(s) be the first derivative of -s**3/3 - 5*s**2/2 + 6*s + 1. List the prime factors of k(g).
2, 3
Suppose 2*v - 2005 = -567. List the prime factors of v.
719
Let b(q) = -24*q**3 + q**2 + q + 12. List the prime factors of b(-3).
2, 3, 37
Let t = -886 + 1047. List the prime factors of t.
7, 23
Suppose 2*g - 3*j - 1012 = -248, -4*g = -3*j - 1516. Let o = g + -230. What are the prime factors of o?
2, 73
Let w be 187/(-22) + (-6)/(-4). Suppose -5*r + m = -228, -2*r - m + 16 = -71. Let b = r + w. List the prime factors of b.
2, 19
Let g be (1*-2)/((-5)/15). Let u(t) = -15*t + 2*t**2 - 17*t + 27*t. List the prime factors of u(g).
2, 3, 7
Suppose -h + 5*r + 281 = 0, -7 - 3 = 5*r. List the prime factors of h.
271
Suppose 3*n - 9153 = -4*p, 9157 = 7*p - 3*p - n. List the prime factors of p.
3, 7, 109
Suppose 2*h - 66 = -12. Suppose v + h = 2*v. List the prime factors of v.
3
Let u = -52 - -50. What are the prime factors of u/1*(-7)/(28/272)?
2, 17
Suppose 2 = -7*x + 16. List the prime factors of (1 + 11/(-3))/(x/(-69)).
2, 23
Suppose -m + 3*c = 4*c - 6, -m = -5*c. Suppose -4*t + a = -11 + 80, -m*a = 5*t + 55. Let b = 13 - t. What are the prime factors of b?
29
Suppose 5*m - 5*p - 990 = 0, 0 = 4*p - 13 + 5. What are the prime factors of m?
2, 5
Suppose -f = -3*l - 624, 2*l = -5*f + l + 3104. List the prime factors of f.
3, 23
Let p = -8 - -13. Let m(w) = -10 + 2*w**2 + p + 5*w - 4*w. List the prime factors of m(-4).
23
Suppose 4*a - 875 = 181. List the prime factors of a.
2, 3, 11
List the prime factors of 7045/2*16/20.
2, 1409
Let t be -1 + 81 - (5 - 5). Suppose 0 = q - 3*q + t. List the prime factors of q.
2, 5
Let x(v) = 2*v - 1. Suppose -20 = -5*c + 4*i, -2*c - i = -5*c + 12. Suppose -j = -2*q - 17, -j - 2 = c*q - 1. List the prime factors of x(j).
3, 7
Suppose 6*c + 496 = 14*c. Let q = -59 + c. What are the prime factors of q?
3
Let u = 21 + -16. Let d be ((-6)/u)/((-8)/20). List the prime factors of d*(0 - -1) + 17.
2, 5
Let v(x) = x**3 + 5*x**2 - 15*x - 2. Let k be v(-7). Suppose 2*n - 47 = -k*p, -5*n = -5*p - 194 + 24. List the prime factors of n.
31
Let z = 2175 - 979. List the prime factors of z.
2, 13, 23
Suppose 0 = q - 12*x + 9*x + 4, -2*q + 12 = 4*x. List the prime factors of q.
2
Let i(s) = -2*s**3 - s**2 - 2*s + 12. Let y(z) = -3*z**3 - z + 12. Let k(m) = 4*i(m) - 3*y(m). Let n be (0 - 1)/((-2)/12). List the prime factors of k(n).
2, 3
Suppose -4*c + 3*u = -9 + 40, 0 = -2*c - 2*u - 26. List the prime factors of 8/(-20) - 344/c.
2, 17
List the prime factors of (114/(-12))/(2/(-28) - 0).
7, 19
List the prime factors of ((-2228)/(-16)*-3)/((-9)/24).
2, 557
Let o = 493 + -332. Suppose -i - 6*i = -o. List the prime factors of i.
23
Suppose -3*s = -2*v - 730, 3*v + 143 - 621 = -2*s. List the prime factors of s.
2, 11
List the prime factors of (75/(-2))/((-34)/204).
3, 5
Let d = 342 + -112. List the prime factors of d.
2, 5, 23
Suppose 7*m = 3*m. Suppose -4 = 3*a - g, 2*a + 5*g - g - 16 = m. Suppose 2*o - 132 = 2*s - 7*s, 4*s - o - 116 = a. What are the prime factors of s?
2, 7
Let a(w) = -16*w**2 + 24*w**2 + 4*w - 3*w + 4*w. List the prime factors of a(4).
2, 37
Let k(w) be the second derivative of -91*w**5/10 + w**4/12 + w**3/2 + w**2 - 10*w. What are the prime factors of k(-1)?
2, 7, 13
Suppose 57 = -4*t + 1. Let h = t - -102. What are the prime factors of h?
2, 11
Let x(v) = 4*v**2 - 5*v + 3. Let o(w) = w**3 + 8*w**2 + 3*w + 3. Let j(u) = -u + 1. Let g(m) = -2*j(m) - o(m). Let s be g(-8). List the prime factors of x(s).
2, 3
Suppose 4*p + 0*f = -2*f - 18, -p + 9 = 5*f. List the prime factors of (p/8)/((-3)/288).
2, 3
Suppose 6*i - 4*r = i + 42, 0 = i - 4*r - 18. List the prime factors of 606/9 + i/9.
2, 17
Suppose -8 = 3*b - 5*b. Let x(d) = -22*d - b + 32*d - d**2 - 17*d. List the prime factors of x(-5).
2, 3
Let a = 0 - -1. Suppose -a = -s + 4. Suppose 0 = 4*d - 4*g - 8 - 24, s*g - 20 = 0. List the prime factors of d.
2, 3
Suppose -3*r = -4*j - 103, 4*j + 136 = 4*r - 0*j. List the prime factors of r.
3, 11
Let m = 801 + -22. List the prime factors of m.
19, 41
Suppose -3*u = -2*c + 2310, -5*u - 3470 = -3*c - 3*u. List the prime factors of c.
2, 3, 193
Suppose 8446 = 2*h - 2*p, -h = 2*p - 2406 - 1817. List the prime factors of h.
41, 103
Suppose 0 = 4*h - 3*x + 48, 3*h + 4 = 5*x - 21. What are the prime factors of (h/6 + 3)*408?
2, 3, 17
Let g = 5 - 16. Let p(c) = -c**2 - 10*c + 11. Let i be p(g). Suppose -4*s + 2*n + 50 = i, 2*n = -3*s + s + 22. List the prime factors of s.
2, 3
Let k(m) = 6*m**3 + 18*m - 11. What are the prime factors of k(7)?
41, 53
Let b = -99 - -238. Suppose 4*a - 132 = 2*o, -5*a = 3*o + o - b. What are the prime factors of a?
31
Let s(f) = -36*f + 162. What are the prime factors of s(-62)?
2, 3, 7, 19
Let q(n) = 4*n**2 + 6*n - 47. What are the prime factors of q(-18)?
7, 163
Let n(q) = -13*q**2 + 3*q - 1. Suppose -4*r + 4*f + 8 = -0*f, -f = 5*r - 4. Let p be n(r). Let d = p + 13. What are the prime factors of d?
2
Let q be (-1)/((-3)/60 - (-3)/(-15)). Suppose -20 = -5*o - c - c, -4*o + 16 = -5*c. List the prime factors of ((-2)/q)/(o/(-344)).
43
Let f = 1 + -2. Let n be -9 + f*(-4 + 1). What are the prime factors of 45/n*(-32)/12?
2, 5
Let p be (13 - (0 + 2)) + -1. Suppose b - p = -4*b. Suppose -36 = -2*m - b. What are the prime factors of m?
17
Let v be 5*((-105)/(-25) + -4). Suppose -5*x = 2*y - y - 58, v = x. What are the prime factors of y?
53
List the prime factors of 10*(5 - 6363/(-35)).
2, 467
Let v(m) = 3*m**2 - 80*m + 17. List the prime factors of v(27).
2, 11
Suppose -5*d = -25, 1656 = 3*o + 5*d - 8*d. What are the prime factors of o?
557
List the prime factors of (2534/(-4))/(8/(-16)).
7, 181
Suppose -p = h - 1540, -4916 = -4*h + 5*p + 1226. Suppose h = 4*u + 234. List the prime factors of u/8 + 7/28.
41
Let r(g) = g**3 + 6*g**2 - 2*g. Let h be r(-9). Let f = 337 + h. List the prime factors of f.
2, 7
Let p be (-4)/14 + (-1096)/(-14). Let q be (1 + 0)*(0 - 36). Let v = p + q. List the prime factors of v.
2, 3, 7
Let c(a) = -a**3 - 15*a**2 - 33*a - 19. Let y be c(-13). Suppose 3*p + 0*p - 12 = -v, 4*v = p - 4. Suppose -p*z = -32 - y. What are the prime factors of z?
2, 13
Let c = 59 + -27. Suppose 635 + 61 = 6*b. List the prime factors of b/(-10)*(-80)/c.
29
Let a be 180/(5 + 46/(-8)). Let y = 380 + a. List the prime factors of y.
2, 5, 7
Suppose 8*q + 6304 - 16632 = 0. What are the prime factors of q?
1291
What are the prime factors of 4567 - ((-16)/(-4) - -8)?
5, 911
Suppose -2*a + 5 + 31 = 0. Let s = a - 6. List the prime factors of s.
2, 3
Let x = -80 - -179. Suppose -x + 355 = 8*o. List the prime factors of o.
2
Let u = -786 - -1180. What are the prime factors of u?
2, 197
Let y(z) be the first derivative of 9*z - 3*z**2 + 1/3*z**3 + 2. What are the prime factors of y(7)?
2
Let p be (3 + 18/(-12))/(3/(-4)). List the prime factors of (-13)/3*(p*2 - -1).
13
Let q = 1137 - 686. What are the prime factors of q?
11, 41
Suppose 5 = -3*l + 2*l, -3*c - 4*l = -1000. What are the prime 